se 5, what is 4 - 2130?
-2121
In base 8, what is -2021 - -23?
-1776
In base 6, what is -431 - 2?
-433
In base 12, what is -4 + 24?
20
In base 10, what is -10783 + -3?
-10786
In base 3, what is 111 + 120?
1001
In base 5, what is -3 - 200?
-203
In base 13, what is -8048 + 4?
-8044
In base 4, what is -1333 + -20?
-2013
In base 7, what is 543 + -14?
526
In base 15, what is 319 - 5?
314
In base 6, what is -5 - -23?
14
In base 7, what is 3 + -455?
-452
In base 10, what is 0 - 104?
-104
In base 14, what is -81 - -2?
-7d
In base 14, what is 14d - 1?
14c
In base 14, what is 115 + -4?
111
In base 13, what is 3 - -2939?
293c
In base 10, what is 14 + -26?
-12
In base 15, what is -46 + 4?
-42
In base 4, what is -3103 - -10?
-3033
In base 8, what is -11 - -11?
0
In base 5, what is -3 + 321?
313
In base 8, what is -1252 + -1?
-1253
In base 11, what is -3a7 + -1?
-3a8
In base 13, what is -55 + -11?
-66
In base 11, what is 45 + -1?
44
In base 8, what is 3 + 66?
71
In base 9, what is 4201 - -1?
4202
In base 6, what is -45 + -100?
-145
In base 5, what is 110 + 1101?
1211
In base 11, what is 1664 - 1?
1663
In base 14, what is 293 - -7?
29a
In base 16, what is 5 - -29?
2e
In base 8, what is 552 - 0?
552
In base 10, what is 8 - -84?
92
In base 14, what is 1 + -3a?
-39
In base 8, what is -31752 - 1?
-31753
In base 2, what is -10011 - 10011000101?
-10011011000
In base 4, what is 12 + 11?
23
In base 4, what is -3112 - 2?
-3120
In base 12, what is -26 - -2?
-24
In base 3, what is -1 - 1001021?
-1001022
In base 11, what is 30 + 19a?
21a
In base 4, what is -21000 - 11?
-21011
In base 15, what is 60 - -1e?
7e
In base 16, what is 229d - -2?
229f
In base 5, what is -10 + -22013?
-22023
In base 3, what is -210 + 12?
-121
In base 16, what is 239a - -4?
239e
In base 12, what is 2 - -115?
117
In base 8, what is 31743 + -2?
31741
In base 5, what is -1131 + 2?
-1124
In base 10, what is -13003 + 2?
-13001
In base 13, what is 0 - -209?
209
In base 14, what is -7d - 4?
-83
In base 2, what is 1100 - 100100010111?
-100100001011
In base 9, what is -134 + 56?
-67
In base 5, what is 1 - 4402?
-4401
In base 15, what is b + 223?
22e
In base 15, what is -10 - 28?
-38
In base 3, what is -21110 + 0?
-21110
In base 15, what is 0 + -1d?
-1d
In base 15, what is -3c + -3?
-40
In base 14, what is 2 + 153?
155
In base 10, what is 1629 - 9?
1620
In base 14, what is 39 - -10?
49
In base 12, what is 13a4 - 1?
13a3
In base 4, what is -21102 - 11?
-21113
In base 11, what is -4 + -18a?
-193
In base 9, what is -4 - 386?
-401
In base 6, what is 13313 + 5?
13322
In base 3, what is 21122 - 10?
21112
In base 3, what is -10 - -1022?
1012
In base 12, what is 529 + -2?
527
In base 13, what is -5a51 - -1?
-5a50
In base 6, what is -14 - 1402?
-1420
In base 4, what is -2102 - 131?
-2233
In base 5, what is 2 + 21044?
21101
In base 8, what is 350 - -4?
354
In base 16, what is -1 - -32?
31
In base 7, what is -10455 + 0?
-10455
In base 4, what is -11 - -2011?
2000
In base 11, what is 45 - -4?
49
In base 8, what is -120 - -21?
-77
In base 5, what is 43210 + 2?
43212
In base 5, what is -244 - 2?
-301
In base 2, what is 11 - 1001001?
-1000110
In base 14, what is -c3 - 3?
-c6
In base 16, what is 139 - 5?
134
In base 5, what is 1234 + 222?
2011
In base 14, what is -1 + 761?
760
In base 11, what is -29 + 32?
4
In base 7, what is -2 + 3324?
3322
In base 4, what is 0 - 3221?
-3221
In base 13, what is b27 + -2?
b25
In base 3, what is -10 + -10012?
-10022
In base 10, what is -67 + 15?
-52
In base 11, what is -5a62a - -2?
-5a628
In base 6, what is -1511 - 5?
-1520
In base 9, what is -7 - 172?
-180
In base 5, what is -10 + 204?
144
In base 15, what is -89 - 2?
-8b
In base 4, what is -100 - -1202?
1102
In base 3, what is -1110011 - 0?
-1110011
In base 11, what is -364 + -1?
-365
In base 4, what is -210033 - -1?
-210032
In base 6, what is 31225 + -13?
31212
In base 5, what is 3 - -1323?
1331
In base 3, what is 12 - -11000?
11012
In base 4, what is -2 + 12020?
12012
In base 11, what is -450 + 3?
-448
In base 6, what is -32 + -5?
-41
In base 6, what is 1142 + 112?
1254
In base 8, what is -241 - 10?
-251
In base 14, what is 8 + 10a?
114
In base 15, what is 10 + 2?
12
In base 2, what is -1 - 111101110?
-111101111
In base 11, what is -7 - -261?
255
In base 15, what is 5 - -e68?
e6d
In base 7, what is -323 - 0?
-323
In base 5, what is 10 - 31103?
-31043
In base 4, what is -12 - 122?
-200
In base 9, what is 205 + 0?
205
In base 11, what is -2 + 41?
3a
In base 10, what is -87 + -59?
-146
In base 10, what is -867 + 4?
-863
In base 16, what is ac + 4?
b0
In base 8, what is -3 - -311?
306
In base 9, what is -3 + 538?
535
In base 16, what is 96d - 0?
96d
In base 3, what is 0 - -10120?
10120
In base 16, what is -3 + 2c9?
2c6
In base 11, what is 8525 - 1?
8524
In base 7, what is 4 + 33?
40
In base 5, what is 11 - -332?
343
In base 12, what is 349 + -3?
346
In base 3, what is -202220 - -1?
-202212
In base 12, what is 5 + 41?
46
In base 2, what is 110 - 11110?
-11000
In base 6, what is 3 + -1412?
-1405
In base 5, what is 22 + -444?
-422
In base 10, what is 2 - 7?
-5
In base 8, what is 240 + 3?
243
In base 13, what is 2 - 26?
-24
In base 4, what is 201013 - 3?
201010
In base 12, what is -3 - 21?
-24
In base 5, what is -221 - -1?
-220
In base 2, what is 110 - 1010111011?
-1010110101
In base 9, what is -8 - -24?
15
In base 4, what is 213 - 2?
211
In base 2, what is -11 - 100110?
-101001
In base 13, what is -36 + -6?
-3c
In base 10, what is 0 + 1597?
1597
In base 10, what is 0 - -59?
59
In base 12, what is -2 + -254?
-256
In base 16, what is 2 + -328?
-326
In base 15, what is 13 - -c7?
da
In base 13, what is -7 - 6?
-10
In base 2, what is -1001 + -110011?
-111100
In base 2, what is 1100 - 100?
1000
In base 10, what is -50 - 2?
-52
In base 11, what is -487 - 2?
-489
In base 6, what is 10 + 1315?
1325
In base 4, what is -13212 - -3?
-13203
In base 5, what is -442 + -1?
-443
In base 16, what is 7 - 2b?
-24
In base 12, what is 1 - 3?
-2
In base 7, what is 2 + 3?
5
In base 3, what is 1201120 + 0?
1201120
In base 11, what is 5 - 50?
-46
In base 7, what is -2050 - 3?
-2053
In base 14, what is 0 - -4?
4
In base 4, what is 32001 - 1?
32000
In base 13, what is 4 - 90?
-89
In base 13, what is 0 - -9?
9
In base 14, what is 1 - 197?
-196
In base 14, what is -5 - -1d3c?
1d37
In base 7, what is -61 - -102?
11
In base 5, what is -12 - 13?
-30
In base 10, what is 16 + -26?
-10
In base 11, what is -1a - 0?
-1a
In base 8, what is -4 - -1161?
1155
In base 16, what is -3 - -8?
5
In base 5, what is -4 - 0?
-4
In base 6, what is -4 + -10403?
-10411
In base 11, what is -4a4 - -4?
-4a0
In base 9, what is -2641 + -2?
-2643
In base 6, what is 4 + -304?
-300
In base 9, what is 246 + -3?
243
In base 2, what is 0 - 10010000?
-10010000
In base 7, what is 4 + 1333?
1340
In base 15, what is -1 + -114?
-115
In base 6, what is -224 + 103?
-121
In base 9, what is -12 - 621?
-633
In base 7, what is 0 + 150?
150
In base 10, what is -571 - -2?
-569
In base 12, what is -1 + 0?
-1
In base 15, what is -3 - 35?
-38
In base 15, what is -1 - 7?
-8
In base 5, what is -203 + -401?
-1104
In base 13, what is 43b + 2?
440
In base 9, what is -18 + -65?
-84
In base 14, what is 2 + 461?
463
In base 12, what is 1 + 3918?
3919
In base 7, what is 5002 - -4?
5006
In base 8, what is -5 + 512?
505
In base 5, what is -1300 - 11?
-1311
In base 15, what is 39 + 29?
63
In base 9, what is -718 - 5?
-724
In base 16, what is 51 - -17?
68
In base 14, what is -4 - 2c0?
-2c4
In base 13, what is -4 + 59?
55
In base 7, what is 15642 - 4?
15635
In base 16, what is 1 - 22c?
-22b
In base 16, what is 2f - -1?
30
In base 13, what is -2 + -635?
-637
In base 8, what is -5 - -4602?
4575
In base 15, what is 2 + e4?
e6
In base 11, what is -78 + 0?
-78
In base 7, what is -51132 - -1?
-51131
In base 16, what is aa8 - 2?
aa6
In base 6, what is -14 - -222?
204
In base 10, what is -16 + -5?
-21
In base 15, what is 4 + -b8?
-b4
In base 10, what is 138 + 6?
144
In base 13, what is -b - 2b?
-39
In base 3, what is 110 + -211222?
-211112
In base 5, what is -1132 + 4?
-1123
In base 4, what is 10 + -130010?
-130000
In base 6, what is 5 + -144?
-135
In base 6, what is -4 + -5345?
-5353
In base 3, what is 20 + -2?
11
In base 5, what is -2 -